{"id":10,"date":"2022-10-14T19:29:17","date_gmt":"2022-10-14T19:29:17","guid":{"rendered":"http:\/\/kur-abgelehnt.de\/?page_id=10"},"modified":"2025-12-28T09:30:14","modified_gmt":"2025-12-28T09:30:14","slug":"ihr-weg-zur-kur","status":"publish","type":"page","link":"http:\/\/kur-abgelehnt.de\/?page_id=10","title":{"rendered":"Ihr Weg zur Kur nach einer Ablehnung"},"content":{"rendered":"<p>I<strong>hre Kur wurde abgelehnt?<\/strong><\/p>\n<p>Das f\u00fchlt sich oft an, als w\u00fcrde einem der letzte Halt weggezogen. Viele Eltern sehen die Kur nicht als \u201eExtra\u201c, sondern als echten Anker \u2013 als Chance, wieder Kraft zu sammeln und den Alltag \u00fcberhaupt bew\u00e4ltigen zu k\u00f6nnen.<\/p>\n<p>Genau hier lassen wir Sie nicht allein.<\/p>\n<p>Die <strong>Kurberatung Deutschland<\/strong> ist Ihr \u00fcberregionaler, erfahrener Ansprechpartner, wenn eine Kurma\u00dfnahme abgelehnt wurde.<\/p>\n<p>Im Falle einer Ablehnung unterst\u00fctzen wir Sie <strong>kostenfrei im Rahmen einer Kooperation<\/strong> gemeinsam mit einem unserer spezialisierten Kooperationsanw\u00e4lte. Sie stellen uns den Ablehnungsbescheid zur Verf\u00fcgung \u2013 wir lassen sorgf\u00e4ltig pr\u00fcfen, ob die Entscheidung der Krankenkasse rechtm\u00e4\u00dfig war.<\/p>\n<p>Wenn ein Widerspruch sinnvoll ist, begleiten wir Sie Schritt f\u00fcr Schritt durch das Verfahren. Verst\u00e4ndlich, zugewandt und auf Augenh\u00f6he. Parallel dazu unterst\u00fctzen wir Sie dabei, gemeinsam mit der Krankenkasse <strong>passende Kurkliniken<\/strong> zu finden, damit Ihre Kur nicht nur genehmigt wird \u2013 sondern Ihnen auch wirklich guttut.<\/p>\n<p>Sie m\u00fcssen diesen Weg nicht alleine gehen.<br \/>Wir helfen Ihnen dabei, Ihre Chance auf Entlastung, Stabilit\u00e4t und neue Kraft zu wahren.<\/p>\n<figure class=\"wp-block-image aligncenter size-large is-resized\"><img loading=\"lazy\" decoding=\"async\" width=\"683\" height=\"1024\" src=\"http:\/\/kur-abgelehnt.de\/wp-content\/uploads\/2025\/12\/ChatGPT-Image-28.-Dez.-2025-10_27_31-683x1024.png\" alt=\"\" class=\"wp-image-53\" style=\"aspect-ratio:0.6670044148512702;width:239px;height:auto\" srcset=\"http:\/\/kur-abgelehnt.de\/wp-content\/uploads\/2025\/12\/ChatGPT-Image-28.-Dez.-2025-10_27_31-683x1024.png 683w, http:\/\/kur-abgelehnt.de\/wp-content\/uploads\/2025\/12\/ChatGPT-Image-28.-Dez.-2025-10_27_31-200x300.png 200w, http:\/\/kur-abgelehnt.de\/wp-content\/uploads\/2025\/12\/ChatGPT-Image-28.-Dez.-2025-10_27_31-768x1152.png 768w, http:\/\/kur-abgelehnt.de\/wp-content\/uploads\/2025\/12\/ChatGPT-Image-28.-Dez.-2025-10_27_31.png 1024w\" sizes=\"auto, (max-width: 683px) 100vw, 683px\" \/><\/figure><\/p>\n","protected":false},"excerpt":{"rendered":"<p>Ihre Kur wurde abgelehnt? Das f\u00fchlt sich oft an, als w\u00fcrde einem der letzte Halt weggezogen. Viele Eltern sehen die Kur nicht als \u201eExtra\u201c, sondern als echten Anker \u2013 als Chance, wieder Kraft zu sammeln und den Alltag \u00fcberhaupt bew\u00e4ltigen zu k\u00f6nnen. Genau hier lassen wir Sie nicht allein. Die Kurberatung Deutschland ist Ihr \u00fcberregionaler, [&hellip;]<\/p>\n","protected":false},"author":1,"featured_media":0,"parent":0,"menu_order":0,"comment_status":"closed","ping_status":"closed","template":"onecolumn-page.php","meta":{"footnotes":""},"class_list":["post-10","page","type-page","status-publish","hentry"],"yoast_head":"<!-- This site is optimized with the Yoast SEO plugin v27.4 - https:\/\/yoast.com\/product\/yoast-seo-wordpress\/ -->\n<title>Ihr Weg zur Kur nach einer Ablehnung - Kur Abgelehnt<\/title>\n<meta name=\"robots\" content=\"index, follow, max-snippet:-1, max-image-preview:large, max-video-preview:-1\" \/>\n<link rel=\"canonical\" href=\"https:\/\/kur-abgelehnt.de\/?page_id=10\" \/>\n<meta property=\"og:locale\" content=\"de_DE\" \/>\n<meta property=\"og:type\" content=\"article\" \/>\n<meta property=\"og:title\" content=\"Ihr Weg zur Kur nach einer Ablehnung - Kur Abgelehnt\" \/>\n<meta property=\"og:description\" content=\"Ihre Kur wurde abgelehnt? Das f\u00fchlt sich oft an, als w\u00fcrde einem der letzte Halt weggezogen. Viele Eltern sehen die Kur nicht als \u201eExtra\u201c, sondern als echten Anker \u2013 als Chance, wieder Kraft zu sammeln und den Alltag \u00fcberhaupt bew\u00e4ltigen zu k\u00f6nnen. Genau hier lassen wir Sie nicht allein. Die Kurberatung Deutschland ist Ihr \u00fcberregionaler, [&hellip;]\" \/>\n<meta property=\"og:url\" content=\"https:\/\/kur-abgelehnt.de\/?page_id=10\" \/>\n<meta property=\"og:site_name\" content=\"Kur Abgelehnt\" \/>\n<meta property=\"article:publisher\" content=\"https:\/\/www.facebook.com\/dasgesundheitswerk\/\" \/>\n<meta property=\"article:modified_time\" content=\"2025-12-28T09:30:14+00:00\" \/>\n<meta property=\"og:image\" content=\"http:\/\/kur-abgelehnt.de\/wp-content\/uploads\/2025\/12\/ChatGPT-Image-28.-Dez.-2025-10_27_31-683x1024.png\" \/>\n<meta name=\"twitter:card\" content=\"summary_large_image\" \/>\n<meta name=\"twitter:label1\" content=\"Gesch\u00e4tzte Lesezeit\" \/>\n\t<meta name=\"twitter:data1\" content=\"1\u00a0Minute\" \/>\n<script type=\"application\/ld+json\" class=\"yoast-schema-graph\">{\"@context\":\"https:\\\/\\\/schema.org\",\"@graph\":[{\"@type\":\"WebPage\",\"@id\":\"https:\\\/\\\/kur-abgelehnt.de\\\/?page_id=10\",\"url\":\"https:\\\/\\\/kur-abgelehnt.de\\\/?page_id=10\",\"name\":\"Ihr Weg zur Kur nach einer Ablehnung - Kur Abgelehnt\",\"isPartOf\":{\"@id\":\"http:\\\/\\\/kur-abgelehnt.de\\\/#website\"},\"primaryImageOfPage\":{\"@id\":\"https:\\\/\\\/kur-abgelehnt.de\\\/?page_id=10#primaryimage\"},\"image\":{\"@id\":\"https:\\\/\\\/kur-abgelehnt.de\\\/?page_id=10#primaryimage\"},\"thumbnailUrl\":\"http:\\\/\\\/kur-abgelehnt.de\\\/wp-content\\\/uploads\\\/2025\\\/12\\\/ChatGPT-Image-28.-Dez.-2025-10_27_31-683x1024.png\",\"datePublished\":\"2022-10-14T19:29:17+00:00\",\"dateModified\":\"2025-12-28T09:30:14+00:00\",\"breadcrumb\":{\"@id\":\"https:\\\/\\\/kur-abgelehnt.de\\\/?page_id=10#breadcrumb\"},\"inLanguage\":\"de\",\"potentialAction\":[{\"@type\":\"ReadAction\",\"target\":[\"https:\\\/\\\/kur-abgelehnt.de\\\/?page_id=10\"]}]},{\"@type\":\"ImageObject\",\"inLanguage\":\"de\",\"@id\":\"https:\\\/\\\/kur-abgelehnt.de\\\/?page_id=10#primaryimage\",\"url\":\"http:\\\/\\\/kur-abgelehnt.de\\\/wp-content\\\/uploads\\\/2025\\\/12\\\/ChatGPT-Image-28.-Dez.-2025-10_27_31.png\",\"contentUrl\":\"http:\\\/\\\/kur-abgelehnt.de\\\/wp-content\\\/uploads\\\/2025\\\/12\\\/ChatGPT-Image-28.-Dez.-2025-10_27_31.png\",\"width\":1024,\"height\":1536},{\"@type\":\"BreadcrumbList\",\"@id\":\"https:\\\/\\\/kur-abgelehnt.de\\\/?page_id=10#breadcrumb\",\"itemListElement\":[{\"@type\":\"ListItem\",\"position\":1,\"name\":\"Start\",\"item\":\"http:\\\/\\\/kur-abgelehnt.de\\\/\"},{\"@type\":\"ListItem\",\"position\":2,\"name\":\"Ihr Weg zur Kur nach einer Ablehnung\"}]},{\"@type\":\"WebSite\",\"@id\":\"http:\\\/\\\/kur-abgelehnt.de\\\/#website\",\"url\":\"http:\\\/\\\/kur-abgelehnt.de\\\/\",\"name\":\"Kur Abgelehnt\",\"description\":\"Wir arbeiten deutschlandweit per Telefon, Mail, Zoom und Teams\",\"publisher\":{\"@id\":\"http:\\\/\\\/kur-abgelehnt.de\\\/#organization\"},\"potentialAction\":[{\"@type\":\"SearchAction\",\"target\":{\"@type\":\"EntryPoint\",\"urlTemplate\":\"http:\\\/\\\/kur-abgelehnt.de\\\/?s={search_term_string}\"},\"query-input\":{\"@type\":\"PropertyValueSpecification\",\"valueRequired\":true,\"valueName\":\"search_term_string\"}}],\"inLanguage\":\"de\"},{\"@type\":\"Organization\",\"@id\":\"http:\\\/\\\/kur-abgelehnt.de\\\/#organization\",\"name\":\"Kur Abgelehnt\",\"url\":\"http:\\\/\\\/kur-abgelehnt.de\\\/\",\"logo\":{\"@type\":\"ImageObject\",\"inLanguage\":\"de\",\"@id\":\"http:\\\/\\\/kur-abgelehnt.de\\\/#\\\/schema\\\/logo\\\/image\\\/\",\"url\":\"http:\\\/\\\/kur-abgelehnt.de\\\/wp-content\\\/uploads\\\/2025\\\/12\\\/LogoSchmetterling.png\",\"contentUrl\":\"http:\\\/\\\/kur-abgelehnt.de\\\/wp-content\\\/uploads\\\/2025\\\/12\\\/LogoSchmetterling.png\",\"width\":500,\"height\":500,\"caption\":\"Kur Abgelehnt\"},\"image\":{\"@id\":\"http:\\\/\\\/kur-abgelehnt.de\\\/#\\\/schema\\\/logo\\\/image\\\/\"},\"sameAs\":[\"https:\\\/\\\/www.facebook.com\\\/dasgesundheitswerk\\\/\"]}]}<\/script>\n<!-- \/ Yoast SEO plugin. -->","yoast_head_json":{"title":"Ihr Weg zur Kur nach einer Ablehnung - Kur Abgelehnt","robots":{"index":"index","follow":"follow","max-snippet":"max-snippet:-1","max-image-preview":"max-image-preview:large","max-video-preview":"max-video-preview:-1"},"canonical":"https:\/\/kur-abgelehnt.de\/?page_id=10","og_locale":"de_DE","og_type":"article","og_title":"Ihr Weg zur Kur nach einer Ablehnung - Kur Abgelehnt","og_description":"Ihre Kur wurde abgelehnt? Das f\u00fchlt sich oft an, als w\u00fcrde einem der letzte Halt weggezogen. Viele Eltern sehen die Kur nicht als \u201eExtra\u201c, sondern als echten Anker \u2013 als Chance, wieder Kraft zu sammeln und den Alltag \u00fcberhaupt bew\u00e4ltigen zu k\u00f6nnen. Genau hier lassen wir Sie nicht allein. Die Kurberatung Deutschland ist Ihr \u00fcberregionaler, [&hellip;]","og_url":"https:\/\/kur-abgelehnt.de\/?page_id=10","og_site_name":"Kur Abgelehnt","article_publisher":"https:\/\/www.facebook.com\/dasgesundheitswerk\/","article_modified_time":"2025-12-28T09:30:14+00:00","og_image":[{"url":"http:\/\/kur-abgelehnt.de\/wp-content\/uploads\/2025\/12\/ChatGPT-Image-28.-Dez.-2025-10_27_31-683x1024.png","type":"","width":"","height":""}],"twitter_card":"summary_large_image","twitter_misc":{"Gesch\u00e4tzte Lesezeit":"1\u00a0Minute"},"schema":{"@context":"https:\/\/schema.org","@graph":[{"@type":"WebPage","@id":"https:\/\/kur-abgelehnt.de\/?page_id=10","url":"https:\/\/kur-abgelehnt.de\/?page_id=10","name":"Ihr Weg zur Kur nach einer Ablehnung - Kur Abgelehnt","isPartOf":{"@id":"http:\/\/kur-abgelehnt.de\/#website"},"primaryImageOfPage":{"@id":"https:\/\/kur-abgelehnt.de\/?page_id=10#primaryimage"},"image":{"@id":"https:\/\/kur-abgelehnt.de\/?page_id=10#primaryimage"},"thumbnailUrl":"http:\/\/kur-abgelehnt.de\/wp-content\/uploads\/2025\/12\/ChatGPT-Image-28.-Dez.-2025-10_27_31-683x1024.png","datePublished":"2022-10-14T19:29:17+00:00","dateModified":"2025-12-28T09:30:14+00:00","breadcrumb":{"@id":"https:\/\/kur-abgelehnt.de\/?page_id=10#breadcrumb"},"inLanguage":"de","potentialAction":[{"@type":"ReadAction","target":["https:\/\/kur-abgelehnt.de\/?page_id=10"]}]},{"@type":"ImageObject","inLanguage":"de","@id":"https:\/\/kur-abgelehnt.de\/?page_id=10#primaryimage","url":"http:\/\/kur-abgelehnt.de\/wp-content\/uploads\/2025\/12\/ChatGPT-Image-28.-Dez.-2025-10_27_31.png","contentUrl":"http:\/\/kur-abgelehnt.de\/wp-content\/uploads\/2025\/12\/ChatGPT-Image-28.-Dez.-2025-10_27_31.png","width":1024,"height":1536},{"@type":"BreadcrumbList","@id":"https:\/\/kur-abgelehnt.de\/?page_id=10#breadcrumb","itemListElement":[{"@type":"ListItem","position":1,"name":"Start","item":"http:\/\/kur-abgelehnt.de\/"},{"@type":"ListItem","position":2,"name":"Ihr Weg zur Kur nach einer Ablehnung"}]},{"@type":"WebSite","@id":"http:\/\/kur-abgelehnt.de\/#website","url":"http:\/\/kur-abgelehnt.de\/","name":"Kur Abgelehnt","description":"Wir arbeiten deutschlandweit per Telefon, Mail, Zoom und Teams","publisher":{"@id":"http:\/\/kur-abgelehnt.de\/#organization"},"potentialAction":[{"@type":"SearchAction","target":{"@type":"EntryPoint","urlTemplate":"http:\/\/kur-abgelehnt.de\/?s={search_term_string}"},"query-input":{"@type":"PropertyValueSpecification","valueRequired":true,"valueName":"search_term_string"}}],"inLanguage":"de"},{"@type":"Organization","@id":"http:\/\/kur-abgelehnt.de\/#organization","name":"Kur Abgelehnt","url":"http:\/\/kur-abgelehnt.de\/","logo":{"@type":"ImageObject","inLanguage":"de","@id":"http:\/\/kur-abgelehnt.de\/#\/schema\/logo\/image\/","url":"http:\/\/kur-abgelehnt.de\/wp-content\/uploads\/2025\/12\/LogoSchmetterling.png","contentUrl":"http:\/\/kur-abgelehnt.de\/wp-content\/uploads\/2025\/12\/LogoSchmetterling.png","width":500,"height":500,"caption":"Kur Abgelehnt"},"image":{"@id":"http:\/\/kur-abgelehnt.de\/#\/schema\/logo\/image\/"},"sameAs":["https:\/\/www.facebook.com\/dasgesundheitswerk\/"]}]}},"_links":{"self":[{"href":"http:\/\/kur-abgelehnt.de\/index.php?rest_route=\/wp\/v2\/pages\/10","targetHints":{"allow":["GET"]}}],"collection":[{"href":"http:\/\/kur-abgelehnt.de\/index.php?rest_route=\/wp\/v2\/pages"}],"about":[{"href":"http:\/\/kur-abgelehnt.de\/index.php?rest_route=\/wp\/v2\/types\/page"}],"author":[{"embeddable":true,"href":"http:\/\/kur-abgelehnt.de\/index.php?rest_route=\/wp\/v2\/users\/1"}],"replies":[{"embeddable":true,"href":"http:\/\/kur-abgelehnt.de\/index.php?rest_route=%2Fwp%2Fv2%2Fcomments&post=10"}],"version-history":[{"count":5,"href":"http:\/\/kur-abgelehnt.de\/index.php?rest_route=\/wp\/v2\/pages\/10\/revisions"}],"predecessor-version":[{"id":54,"href":"http:\/\/kur-abgelehnt.de\/index.php?rest_route=\/wp\/v2\/pages\/10\/revisions\/54"}],"wp:attachment":[{"href":"http:\/\/kur-abgelehnt.de\/index.php?rest_route=%2Fwp%2Fv2%2Fmedia&parent=10"}],"curies":[{"name":"wp","href":"https:\/\/api.w.org\/{rel}","templated":true}]}}